by b(-5).
16
Let o(b) = -b**3 + 7*b**2 - b + 5. Let z be o(7). What is the remainder when (-3 - 88/z)/1 is divided by 11?
8
Let y = 3 - -3. Let a(u) = -3*u + 8*u**2 - 8*u**2 + u**2 - 2. Calculate the remainder when a(y) is divided by 6.
4
Suppose -3*s = -s - 26. What is the remainder when s is divided by (9 - 0)*5/15?
1
Let c(s) = 37*s - s**2 + 2*s**2 - 30*s - 6 - 2*s**2. Let t be c(5). Suppose -t*p - p + 45 = 5*m, 0 = -3*m. Calculate the remainder when 15 is divided by p.
6
Let s(n) = -n**3 + 6*n**2 + 9*n - 12. Let r be s(5). What is the remainder when r + -2*4 + 4 is divided by 11?
10
Let y = -148 + 168. Calculate the remainder when (-59)/(-2)*(-1 + 3) is divided by y.
19
Suppose -9*n = -14*n. Suppose -58 = -3*r - 2*f, n = -2*r + 2*f + 16 + 6. Calculate the remainder when 93 is divided by r.
13
Suppose -108*h - 9 = -109*h. What is the remainder when h is divided by (3/2)/(-1)*-2?
0
Let j(t) = -88*t - 333. Calculate the remainder when j(-12) is divided by 26.
21
Let h(i) = 6*i**2 + i - 2. Let n be h(-2). Let w be (-407)/148*1*(-8)/1. Let o = w - n. Calculate the remainder when 8 is divided by o.
0
Suppose 2*m - 135 = -7*m. Calculate the remainder when 102 is divided by m.
12
Suppose -9 = -5*t + 16. Suppose 0 = t*s - 231 + 1. Calculate the remainder when s is divided by 24.
22
Suppose 3*b - 1 - 38 = 0. Suppose b = -4*d + 41. Suppose 0 = -5*q - 0*q + 130. What is the remainder when q is divided by d?
5
Let f(d) = -d + 6. Let h be (20/25)/((-3)/(-15)) + -9. What is the remainder when 131 is divided by f(h)?
10
Let b(v) = -66*v - 709. What is the remainder when 663 is divided by b(-12)?
82
What is the remainder when 18/(-45)*-1 - (-703)/5 is divided by 50?
41
Let l = 98 - 1. What is the remainder when l is divided by 47?
3
Let s = 8 + -6. Suppose 39 = s*v - 7. Let x = -9 + v. Calculate the remainder when 40 is divided by x.
12
Let s = 1003 - 996. Suppose k + 0*k = 76. What is the remainder when k is divided by s?
6
Calculate the remainder when 1/3 - ((-4720)/(-15))/(-16) is divided by 11.
9
Suppose -49 = -6*n + 5*n + 5*m, 0 = -3*n - 4*m + 90. What is the remainder when n is divided by 114/(-4)*(-4)/6?
15
Calculate the remainder when 68 is divided by 654/545*50/6.
8
Let j = 274 - 264. Let u = -293 - -201. Let o = -53 - u. Calculate the remainder when o is divided by j.
9
Let x be (-6)/(-27) + 61/9. Suppose 25 = 2*v + x. Let m(b) = b**3 - 2*b**2 + 3*b. Calculate the remainder when v is divided by m(2).
3
Calculate the remainder when 789 is divided by 5/(14 - 4) + 171/18.
9
Let b(h) = 2*h**2 + 2*h - 49. Calculate the remainder when 75 is divided by b(6).
5
Let a = 6 - -25. Suppose -604 = -5*r + f, -2*r + 244 = 3*f - f. Calculate the remainder when r is divided by a.
28
Suppose 12415 = 93*z - 698. Calculate the remainder when z is divided by 106.
35
Let a(h) = -3*h - 32. Suppose -8*d - 182 = -d. Let r be (6/12)/(1/d). Calculate the remainder when 25 is divided by a(r).
4
Suppose -4*h + 54 = -4*q - 26, -5*h + 58 = -3*q. What is the remainder when 50 is divided by (-3)/q*1 - 90/(-7)?
11
Let u be 4/(-8)*2*-36. Suppose -4*j + c = -u, j - 3*j = -3*c - 8. Let p = j + 24. Calculate the remainder when p is divided by 9.
7
What is the remainder when ((-396)/(-16))/((-329)/(-308) - 1) is divided by 95?
78
Calculate the remainder when ((-47067)/116)/((-3)/4) is divided by 68.
65
Let h(b) = b**3 + 6*b**2 - 5*b - 5. Suppose -3977 = -21*u - 20*u. Calculate the remainder when u is divided by h(-6).
22
Let p = 358 + -76. Suppose -p = -5*z + 63. What is the remainder when z is divided by 10?
9
Suppose -3*g = -5*i - 31, -5*i = -2*i + 15. Suppose -g*z - 2 = -0*a - a, -2*z + 10 = a. Calculate the remainder when 33 is divided by a.
3
Calculate the remainder when 279 is divided by 388*((-28)/16)/(-7).
85
Let z(b) = 11*b + 6*b - 15 + 20*b. Calculate the remainder when z(7) is divided by 13.
10
Suppose -4*r + 2*b + 252 = 0, 4*r + b - 387 + 147 = 0. Calculate the remainder when 425 is divided by r.
59
Suppose 7*a = -3*a. Suppose a = 4*i - 47 - 45. What is the remainder when i is divided by 19?
4
Let f(k) = -5*k + 28 - 50 + 30. Let d be f(8). Calculate the remainder when (-471)/(-5) - d/40 is divided by 25.
20
Let a(y) = y**2 - 2*y + 4. Let k be a(2). Suppose 60 = k*o - 672. Calculate the remainder when o is divided by 46.
45
Let s(c) = -c + 9. Let k be (-5 - 1)*(-7)/6. Let h be s(k). Suppose 2*a + 266 = 3*p, -h*a = 2*p - 6*p + 352. Calculate the remainder when p is divided by 22.
20
Let x(w) = 2*w - 3*w + 2*w - 3*w - 5*w**2 - 1 + w**3. Suppose -30 = -5*p + 2*t, 3*p + 4*t + 0*t - 18 = 0. What is the remainder when x(6) is divided by p?
5
Calculate the remainder when 113 is divided by -2*(-2)/(-4)*-38.
37
Suppose -408 = -54*v + 37*v. What is the remainder when v is divided by 7?
3
Let x = 22 - 15. Suppose 4*g + 0 = -4*c + 12, -g = -c + x. What is the remainder when c is divided by 2?
1
Suppose i + 4*i = -g + 43, 0 = 3*i - 6. Let r(p) = -p**3 - 12*p**2 + 11*p - 17. What is the remainder when g is divided by r(-13)?
6
Suppose -73*m + 38385 = -28*m. What is the remainder when m is divided by 7?
6
Suppose 2*m + w - 33 = 12, 2*w = 5*m - 135. Calculate the remainder when m is divided by 17.
8
Suppose -6*s = -967 + 919. Calculate the remainder when 63 is divided by s.
7
Let s be (-2)/(-3) + (-5600)/(-24). Suppose 0 = -3*m + 5*y + s, -2*m - 2*y + 156 = -y. What is the remainder when m is divided by 20?
18
Let s be (-3)/12 - 69/(-12)*3. Suppose -5*a - 4*i + 37 = 2, -a - s = -4*i. Calculate the remainder when 20 is divided by a.
2
Let l(u) = -2*u - 8. Suppose 3*v + 3 = -4*x - 5, 5*x - 12 = -v. Calculate the remainder when 21 is divided by l(v).
5
Suppose 0*w = -5*w + 5. Let f = w + -4. Calculate the remainder when 25 is divided by (-12)/f - (-2 - 1).
4
Let m be (648/(-14))/(30/(-280)). Suppose 0*c = 4*c - 5*a - 569, -m = -3*c + 2*a. Calculate the remainder when c is divided by 37.
35
Suppose -9 = -g - b, -2*g + 9 = b - 5. Calculate the remainder when 22 is divided by g.
2
Calculate the remainder when (-4)/(-3)*(2 - (-436)/4) is divided by 34.
12
Let q = -279 + 336. Let x(z) = 2*z**2 + z. What is the remainder when q is divided by x(-3)?
12
Suppose 28 = 2*m + 4*f, 21 + 24 = 3*m + 3*f. Let s = m + 6. Calculate the remainder when 87 is divided by s.
21
Suppose -5*i + 37 = -0*i - 4*d, -i - 3*d + 15 = 0. Suppose -i*a + 650 = 254. Calculate the remainder when 85 is divided by a.
41
Let h(r) = -10*r**2 - 82*r + 7. What is the remainder when 136 is divided by h(-8)?
21
Let n(a) = -41*a - 66. Let c be n(-3). Let m = -2 + 2. Suppose m = -f + 2*f - c. What is the remainder when f is divided by 15?
12
Let l be ((-1)/3)/(2/658)*-3. Suppose 161 = 5*a - 5*r - l, 3*r - 12 = 0. Calculate the remainder when a is divided by 26.
24
Suppose -4*k - 16 = 0, -3*k + 14 = 4*n + 6. Suppose n*x + 2*w = 73 + 48, -95 = -4*x - w. What is the remainder when 38 is divided by x?
15
Suppose -i + t = -0*t, 4*i + 3*t - 14 = 0. Suppose -314 = i*m - 1204. Suppose 0 = 4*h - m - 31. Calculate the remainder when h is divided by 30.
29
Let f(j) be the third derivative of 1/24*j**4 + 0*j + 1/20*j**5 + 1/120*j**6 + 0 - 4*j**2 + 1/3*j**3. Calculate the remainder when f(3) is divided by 20.
19
Suppose 2*s + 2 = -3*j, j + 7 + 7 = 2*s. Suppose -h = -3*h - 5*p + 1, -s*p - 5 = 0. Suppose 65 = 2*m + h*m. Calculate the remainder when 50 is divided by m.
11
Let g be ((-6)/(-4))/((-375)/(-126) - 3). Let d = -36 - g. Suppose -2*k + 4*q + 198 = 0, -q = -5*k - 2*q + 539. What is the remainder when k is divided by d?
26
Let b = 0 + -9. Let s = b - -10. What is the remainder when 3 is divided by s?
0
Suppose -4*a = 3*y - 2 - 3, 2*a + 4*y = 0. Suppose 5*w + a*l - 20 = -l, 0 = -5*w + 4*l + 55. Calculate the remainder when 38*(-1)/6*-3 is divided by w.
5
Suppose -5 - 7 = -4*v. Let z(r) = -31*r + 16. Let x be z(3). What is the remainder when 74/14 - (-22)/x is divided by v?
2
Suppose -4*s - 50 = -3*q, 0 = -2*q - 3*q + 5*s + 80. Let w = q - 9. Suppose 0 = -3*r + 2*r + w. What is the remainder when r is divided by 3?
2
Suppose 7*y - 3*y = 0. Suppose y = 2*d - 2*a - 14, -4*a - 3 = 5*d - 11. Suppose -3*o + d*o = 82. What is the remainder when o is divided by 17?
14
Calculate the remainder when 0 + -7 - (-28 + 2 + 0) is divided by (-58)/(-6) - (-3)/